{"id":10968,"date":"2022-03-28T15:53:32","date_gmt":"2022-03-28T13:53:32","guid":{"rendered":"http:\/\/global-meubles.be\/fr\/?post_type=product&#038;p=10968"},"modified":"2024-03-11T23:23:46","modified_gmt":"2024-03-11T22:23:46","slug":"kendrik-2","status":"publish","type":"product","link":"http:\/\/global-meubles.be\/fr\/produit\/kendrik-2\/","title":{"rendered":"Kendrik"},"content":{"rendered":"<p>Salon d&#8217;angle fixe<\/p>\n<p>T\u00eati\u00e8res r\u00e9glables<\/p>\n<p>2 Angle 2<\/p>\n<p>Dimension : 247 x 247 cm<\/p>\n<p>2 Angle 3 ou 3 Angle 2<\/p>\n<p>Dimension : 310 x 247 cm ou 247 x 310 cm<\/p>\n<p>Coloris :\u00a0 Tissu Anthracite \u2013 Gris souris \u2013 Chocolat \u2013 Beige<\/p>\n<p>&nbsp;<\/p>\n","protected":false},"excerpt":{"rendered":"<p>Salon d&#8217;angle<\/p>\n","protected":false},"featured_media":10969,"comment_status":"open","ping_status":"closed","template":"","meta":[],"product_brand":[],"product_cat":[127,154],"product_tag":[],"class_list":{"0":"post-10968","1":"product","2":"type-product","3":"status-publish","4":"has-post-thumbnail","6":"product_cat-salon","7":"product_cat-salon-dangle","9":"first","10":"instock","11":"shipping-taxable","12":"purchasable","13":"product-type-simple"},"jetpack_sharing_enabled":true,"_links":{"self":[{"href":"http:\/\/global-meubles.be\/fr\/wp-json\/wp\/v2\/product\/10968","targetHints":{"allow":["GET"]}}],"collection":[{"href":"http:\/\/global-meubles.be\/fr\/wp-json\/wp\/v2\/product"}],"about":[{"href":"http:\/\/global-meubles.be\/fr\/wp-json\/wp\/v2\/types\/product"}],"replies":[{"embeddable":true,"href":"http:\/\/global-meubles.be\/fr\/wp-json\/wp\/v2\/comments?post=10968"}],"wp:featuredmedia":[{"embeddable":true,"href":"http:\/\/global-meubles.be\/fr\/wp-json\/wp\/v2\/media\/10969"}],"wp:attachment":[{"href":"http:\/\/global-meubles.be\/fr\/wp-json\/wp\/v2\/media?parent=10968"}],"wp:term":[{"taxonomy":"product_brand","embeddable":true,"href":"http:\/\/global-meubles.be\/fr\/wp-json\/wp\/v2\/product_brand?post=10968"},{"taxonomy":"product_cat","embeddable":true,"href":"http:\/\/global-meubles.be\/fr\/wp-json\/wp\/v2\/product_cat?post=10968"},{"taxonomy":"product_tag","embeddable":true,"href":"http:\/\/global-meubles.be\/fr\/wp-json\/wp\/v2\/product_tag?post=10968"}],"curies":[{"name":"wp","href":"https:\/\/api.w.org\/{rel}","templated":true}]}}

<p>Salon d&#8217;angle fixe</p>
<p>Têtières réglables</p>
<p>2 Angle 2</p>
<p>Dimension : 247 x 247 cm</p>
<p>2 Angle 3 ou 3 Angle 2</p>
<p>Dimension : 310 x 247 cm ou 247 x 310 cm</p>
<p>Coloris :  Tissu Anthracite – Gris souris – Chocolat – Beige</p>
<p>&nbsp;</p>
