{"id":11542,"date":"2022-03-30T16:48:59","date_gmt":"2022-03-30T14:48:59","guid":{"rendered":"http:\/\/global-meubles.be\/fr\/?post_type=product&#038;p=11542"},"modified":"2025-09-23T12:58:01","modified_gmt":"2025-09-23T10:58:01","slug":"margot","status":"publish","type":"product","link":"http:\/\/global-meubles.be\/fr\/produit\/margot\/","title":{"rendered":"Margot"},"content":{"rendered":"<p>Principales mati\u00e8res:<br \/>\nArmoire : fa\u00e7ade: panneaux de particules recouvertes en d\u00e9cor papier<br \/>\nCot\u00e9s : Idem Fa\u00e7ade<br \/>\nLit : Panneaux de particules recouvertes en d\u00e9cor papier.<br \/>\nLong pans : d\u00e9cor sur panneaux de particules en papier<br \/>\nPi\u00e8tement : idem t\u00eate de lit<br \/>\nChevet : idem armoire<br \/>\nBureau : idem armoire<br \/>\nCommode : idem armoire<br \/>\nMiroir : panneau de particules recouvertes en d\u00e9cor papier<br \/>\nTeintes: Valonia<\/p>\n<p>Dimensions:<\/p>\n<p>Armoire 200 cm : L 200 cm H 216 cm P 67 cm<\/p>\n<p>Armoire 250 cm : L 250 cm H 216 cm P 67 cm<\/p>\n<p>Lit 140 cm : L 179 cm H 96 cm P 206 cm<\/p>\n<p>Lit 160 cm : L 199 cm H 96 cm P 206 cm<\/p>\n<p>Lit 180 cm : L 219 cm H 96 cm P 206 cm<\/p>\n<p>Chevet : L 50 cm H 40 cm P 37 cm<\/p>\n<p>Commode : L 110 cm H 78.1 cm P 48.6 cm<\/p>\n<p>Softclosing sur les portes inclus<br \/>\nMeubles livr\u00e9: sous film plastique, carton et polystyr\u00e8ne.<br \/>\nD\u00e9montable: livr\u00e9e \u00e0 plat<\/p>\n","protected":false},"excerpt":{"rendered":"<p>Chambre \u00e0 coucher :<\/p>\n<p>Armoire 200 cm<\/p>\n<p>Lit 160\u00d7200 cm<\/p>\n<p>Chevets<\/p>\n","protected":false},"featured_media":11543,"comment_status":"open","ping_status":"closed","template":"","meta":[],"product_brand":[],"product_cat":[130,132],"product_tag":[],"class_list":{"0":"post-11542","1":"product","2":"type-product","3":"status-publish","4":"has-post-thumbnail","6":"product_cat-chambre-a-coucher","7":"product_cat-chambre-adulte","9":"first","10":"instock","11":"shipping-taxable","12":"purchasable","13":"product-type-simple"},"jetpack_sharing_enabled":true,"_links":{"self":[{"href":"http:\/\/global-meubles.be\/fr\/wp-json\/wp\/v2\/product\/11542","targetHints":{"allow":["GET"]}}],"collection":[{"href":"http:\/\/global-meubles.be\/fr\/wp-json\/wp\/v2\/product"}],"about":[{"href":"http:\/\/global-meubles.be\/fr\/wp-json\/wp\/v2\/types\/product"}],"replies":[{"embeddable":true,"href":"http:\/\/global-meubles.be\/fr\/wp-json\/wp\/v2\/comments?post=11542"}],"wp:featuredmedia":[{"embeddable":true,"href":"http:\/\/global-meubles.be\/fr\/wp-json\/wp\/v2\/media\/11543"}],"wp:attachment":[{"href":"http:\/\/global-meubles.be\/fr\/wp-json\/wp\/v2\/media?parent=11542"}],"wp:term":[{"taxonomy":"product_brand","embeddable":true,"href":"http:\/\/global-meubles.be\/fr\/wp-json\/wp\/v2\/product_brand?post=11542"},{"taxonomy":"product_cat","embeddable":true,"href":"http:\/\/global-meubles.be\/fr\/wp-json\/wp\/v2\/product_cat?post=11542"},{"taxonomy":"product_tag","embeddable":true,"href":"http:\/\/global-meubles.be\/fr\/wp-json\/wp\/v2\/product_tag?post=11542"}],"curies":[{"name":"wp","href":"https:\/\/api.w.org\/{rel}","templated":true}]}}

<p>Principales matières:<br />
Armoire : façade: panneaux de particules recouvertes en décor papier<br />
Cotés : Idem Façade<br />
Lit : Panneaux de particules recouvertes en décor papier.<br />
Long pans : décor sur panneaux de particules en papier<br />
Piètement : idem tête de lit<br />
Chevet : idem armoire<br />
Bureau : idem armoire<br />
Commode : idem armoire<br />
Miroir : panneau de particules recouvertes en décor papier<br />
Teintes: Valonia</p>
<p>Dimensions:</p>
<p>Armoire 200 cm : L 200 cm H 216 cm P 67 cm</p>
<p>Armoire 250 cm : L 250 cm H 216 cm P 67 cm</p>
<p>Lit 140 cm : L 179 cm H 96 cm P 206 cm</p>
<p>Lit 160 cm : L 199 cm H 96 cm P 206 cm</p>
<p>Lit 180 cm : L 219 cm H 96 cm P 206 cm</p>
<p>Chevet : L 50 cm H 40 cm P 37 cm</p>
<p>Commode : L 110 cm H 78.1 cm P 48.6 cm</p>
<p>Softclosing sur les portes inclus<br />
Meubles livré: sous film plastique, carton et polystyrène.<br />
Démontable: livrée à plat</p>

<p>Chambre à coucher :</p>
<p>Armoire 200 cm</p>
<p>Lit 160×200 cm</p>
<p>Chevets</p>
